153 - -24?
-1612c
In base 12, what is 138 + -142?
-6
In base 10, what is 13395 + 5?
13400
In base 3, what is 221 + 22221000?
22221221
In base 3, what is -1012200 + -1020012?
-2102212
In base 9, what is 3 - 65843?
-65840
In base 6, what is -42010 + -4?
-42014
In base 9, what is -10373 + 44?
-10328
In base 11, what is 2023a7 + 26?
202422
In base 16, what is -5 + 54c26?
54c21
In base 7, what is -22222545 + -1?
-22222546
In base 8, what is 5 - 3165?
-3160
In base 15, what is -1 - 912?
-913
In base 15, what is 9c69 - 35?
9c34
In base 7, what is -143312 + 0?
-143312
In base 4, what is -131 + 221303?
221112
In base 11, what is 516 + 227?
742
In base 4, what is -2220130111 + -3?
-2220130120
In base 7, what is -1226434 - -40?
-1226364
In base 5, what is -3222 - 1001?
-4223
In base 9, what is -22101 - 16?
-22117
In base 5, what is 1340 - -13132?
20022
In base 10, what is -2 - -24403?
24401
In base 6, what is 33 - -12122?
12155
In base 10, what is 7 - 6941?
-6934
In base 8, what is -2246 + -355?
-2623
In base 3, what is 2021102010122 + -12?
2021102010110
In base 16, what is 62 - -1fe9?
204b
In base 15, what is 5 - -2c64?
2c69
In base 12, what is 7178 - 8?
7170
In base 3, what is -11012220 + -120020?
-11210010
In base 16, what is 0 - b7d3b?
-b7d3b
In base 5, what is 11013013 + -2?
11013011
In base 6, what is 400223 + 13?
400240
In base 14, what is 2543c - 0?
2543c
In base 8, what is -263 + -1453?
-1736
In base 2, what is -11 - -100010110011010110110?
100010110011010110011
In base 11, what is -41a4 + -17?
-4210
In base 12, what is 7189 - -259?
7426
In base 12, what is 104 + -11?
b3
In base 8, what is 106277 + 6?
106305
In base 11, what is -162 - -1118a?
11028
In base 15, what is -1998a + -4?
-1998e
In base 2, what is -1001010 + -110100?
-1111110
In base 5, what is -10 - 1010043?
-1010103
In base 5, what is -124300 - 20?
-124320
In base 16, what is 1548 - -1?
1549
In base 16, what is 3b645 + -3?
3b642
In base 10, what is 83 + 1883?
1966
In base 4, what is 11 + -10023103?
-10023032
In base 8, what is 11627 + 46?
11675
In base 6, what is 53 + -13041?
-12544
In base 14, what is 5 + -c0a54?
-c0a4d
In base 11, what is -16 + 7055?
703a
In base 2, what is 1000011001 - 101111111101?
-100111100100
In base 8, what is 4 + -753006?
-753002
In base 8, what is -247 - -47214?
46745
In base 2, what is -101 - 10110100100010000?
-10110100100010101
In base 10, what is -143 - -165?
22
In base 12, what is -1a3 - -5a?
-145
In base 4, what is -3 - -2131133221?
2131133212
In base 2, what is -11011001110101100 + 101?
-11011001110100111
In base 15, what is 1d3b7 - -3?
1d3ba
In base 3, what is 1020121 - -12110212?
20201110
In base 5, what is -1040 + 24403?
23313
In base 13, what is -c1467 - 3?
-c146a
In base 10, what is -114642 + 1?
-114641
In base 10, what is -127501 + -37?
-127538
In base 4, what is -11313 - -112030?
100111
In base 5, what is 113 + -3414044?
-3413431
In base 9, what is -248 - 51?
-310
In base 16, what is -1bf8b - -8?
-1bf83
In base 16, what is -6 + 6d6?
6d0
In base 10, what is -7 + -8690?
-8697
In base 11, what is 3 + -14470?
-14468
In base 14, what is -181a5 + -7?
-181ac
In base 8, what is 16423 + 23?
16446
In base 5, what is -420211 - 1322?
-422033
In base 10, what is -45500 - 5?
-45505
In base 5, what is 2 - -134040?
134042
In base 11, what is 0 - 461502?
-461502
In base 12, what is 563 + -26?
539
In base 5, what is 3133 - -12242?
20430
In base 13, what is -29 - -28172?
28146
In base 11, what is 1 - -9911?
9912
In base 16, what is 3f - 68?
-29
In base 8, what is 2251 + -135?
2114
In base 2, what is 10100110 + 1000111001?
1011011111
In base 9, what is -25158 - -15?
-25143
In base 3, what is 12221002 + 20202?
20011211
In base 4, what is 2012 + -11300?
-3222
In base 2, what is -1011 + 1101010010?
1101000111
In base 5, what is 20 + 442?
1012
In base 4, what is 22112323 + -3?
22112320
In base 8, what is -1410 - -716?
-472
In base 3, what is 1 + -22221200?
-22221122
In base 3, what is -200 - 1112110002?
-1112110202
In base 13, what is 8 - 3a5a?
-3a52
In base 3, what is 120122011 + -12?
120121222
In base 3, what is -1022011122 - 10?
-1022011202
In base 12, what is 192 - -72?
244
In base 12, what is 19769 - a?
1975b
In base 12, what is -1125b - -3?
-11258
In base 9, what is -10 + 4865?
4855
In base 3, what is -11222221211 - 1?
-11222221212
In base 12, what is -57 - 16b9?
-1754
In base 3, what is 2112222200 + 12?
2112222212
In base 16, what is -2 + -42389?
-4238b
In base 15, what is -34 + -a7?
-db
In base 8, what is -12635 - -5?
-12630
In base 16, what is -29 + 612?
5e9
In base 2, what is -100110011000110 - 1001100?
-100110100010010
In base 3, what is -212 + -212022002?
-212022221
In base 5, what is 230403242 - 0?
230403242
In base 5, what is -211042 - 401?
-211443
In base 3, what is 22100022 + -1121?
22021201
In base 5, what is -11403422 - -1?
-11403421
In base 2, what is 10101001 + -10110000000?
-10011010111
In base 6, what is 54443 - 43?
54400
In base 16, what is 2b + -2?
29
In base 4, what is -230102 - -3330?
-220112
In base 15, what is -1947 - 9?
-1951
In base 11, what is 1725 - 970?
865
In base 4, what is -10322112 + 0?
-10322112
In base 10, what is 9316 + 18?
9334
In base 3, what is 12022122 + 22?
12022221
In base 14, what is 60 + 1391?
1411
In base 12, what is b669 - 3?
b666
In base 5, what is 200 - 301031?
-300331
In base 14, what is -34b + -a9?
-416
In base 7, what is 65 + 1336?
1434
In base 4, what is 1002 - 10022222?
-10021220
In base 7, what is 4 + -1024652?
-1024645
In base 16, what is 19ad3 - 3?
19ad0
In base 13, what is 9 - -136c?
1378
In base 6, what is -123 - 3550?
-4113
In base 8, what is -4 + -25607?
-25613
In base 14, what is -dd1 - 7?
-dd8
In base 13, what is 7 + 613c?
6146
In base 8, what is -1045 + 12537?
11472
In base 3, what is -22001 + 10112202?
10020201
In base 2, what is 1 + 100110101100010001111?
100110101100010010000
In base 15, what is 52 - -c719?
c76b
In base 8, what is -252500 + 10?
-252470
In base 9, what is -151023 - 3?
-151026
In base 9, what is 12001 - -3?
12004
In base 2, what is 10001 - 111000100?
-110110011
In base 4, what is 3330 - -1331202?
2001132
In base 11, what is -125178 + -4?
-125181
In base 15, what is -23 - -5ca9?
5c86
In base 4, what is 1001 - -3132121?
3133122
In base 11, what is -155667 - 0?
-155667
In base 13, what is a + 1754c?
17559
In base 7, what is -43 + -105011?
-105054
In base 9, what is 1 - 33165?
-33164
In base 10, what is 51 + 123?
174
In base 13, what is -2bb6 + -1?
-2bb7
In base 10, what is -197 - -6422?
6225
In base 11, what is 68584 - -1?
68585
In base 6, what is 12 - -110511?
110523
In base 8, what is -2462 + 47?
-2413
In base 12, what is -3 - -515a?
5157
In base 13, what is 5c67 - 3b?
5c29
In base 13, what is 4 + -47729?
-47725
In base 16, what is b46 - 27?
b1f
In base 13, what is 1 - c878?
-c877
In base 8, what is -2742355 - -6?
-2742347
In base 7, what is -6 + -5322605?
-5322614
In base 13, what is -116 - -146?
30
In base 15, what is 28d64 - 2?
28d62
In base 16, what is 5 - 4c2c?
-4c27
In base 14, what is -3 - -23cc?
23c9
In base 13, what is -5 + -5951?
-5956
In base 12, what is -4 + 1379?
1375
In base 4, what is -1111000 - -10013?
-1100321
In base 8, what is -2 + 170503?
170501
In base 6, what is -1015 + -3224?
-4243
In base 3, what is 1002200 + -2210111?
-1200211
In base 7, what is 23554 - 24?
23530
In base 11, what is -479 - a8?
-576
In base 3, what is 21222 + -11001?
10221
In base 10, what is 10 + 58259?
58269
In base 2, what is -100111111010100010101 + 10?
-100111111010100010011
In base 3, what is -11001 + -2201002?
-2212010
In base 8, what is 1365 + -247?
1116
In base 2, what is 10111100 - 1011101101000?
-1011010101100
In base 15, what is 0 + -746?
-746
In base 14, what is -29490a + -2?
-29490c
In base 8, what is 1332160 + 3?
1332163
In base 16, what is -19ff + -47?
-1a46
In base 3, what is 121112 + -101001?
20111
In base 14, what is 6719a2 - 2?
6719a0
In base 12, what is -1495 + -322?
-17b7
In base 4, what is 1020 - -1213?
2233
In base 15, what is 32 + eb?
12d
In base 8, what is 326032 - 5?
326025
In base 14, what is 1117 - 109?
100c
In base 5, what is -1 - -11132144?
11132143
In base 11, what is -1000661 + 5?
-1000657
In base 2, what is -101110101 - 100111100110?
-101101011011
In base 1